f 408833?
8
What is the millions digit of 1268478?
1
What is the tens digit of 522131?
3
What is the hundred thousands digit of 2063585?
0
What is the hundreds digit of 729439?
4
What is the hundreds digit of 413823?
8
What is the millions digit of 1783653?
1
What is the units digit of 2850025?
5
What is the thousands digit of 698473?
8
What is the tens digit of 306327?
2
What is the ten thousands digit of 45045?
4
What is the thousands digit of 11256896?
6
What is the hundred thousands digit of 15147043?
1
What is the millions digit of 7734720?
7
What is the thousands digit of 682000?
2
What is the hundreds digit of 863292?
2
What is the ten thousands digit of 685291?
8
What is the thousands digit of 22570280?
0
What is the tens digit of 2423358?
5
What is the millions digit of 14761440?
4
What is the tens digit of 3413753?
5
What is the hundred thousands digit of 101649?
1
What is the thousands digit of 117368?
7
What is the hundreds digit of 7110389?
3
What is the hundred thousands digit of 3301663?
3
What is the tens digit of 4728452?
5
What is the hundreds digit of 152556?
5
What is the hundred thousands digit of 262746?
2
What is the hundreds digit of 96256?
2
What is the thousands digit of 3831970?
1
What is the ten thousands digit of 9937214?
3
What is the tens digit of 142969?
6
What is the millions digit of 2464839?
2
What is the tens digit of 190450?
5
What is the tens digit of 8380581?
8
What is the thousands digit of 51650?
1
What is the ten thousands digit of 305158?
0
What is the tens digit of 703539?
3
What is the units digit of 313624?
4
What is the units digit of 743727?
7
What is the thousands digit of 273489?
3
What is the ten thousands digit of 3806293?
0
What is the thousands digit of 112280?
2
What is the thousands digit of 448658?
8
What is the thousands digit of 1468928?
8
What is the units digit of 72414?
4
What is the thousands digit of 13215068?
5
What is the tens digit of 770494?
9
What is the thousands digit of 1659175?
9
What is the thousands digit of 15113167?
3
What is the hundred thousands digit of 274054?
2
What is the tens digit of 487806?
0
What is the millions digit of 1804352?
1
What is the hundred thousands digit of 2567390?
5
What is the tens digit of 5782679?
7
What is the ten thousands digit of 47114?
4
What is the millions digit of 4610527?
4
What is the ten thousands digit of 1078818?
7
What is the units digit of 2632370?
0
What is the hundreds digit of 13199?
1
What is the hundreds digit of 61301?
3
What is the hundreds digit of 234223?
2
What is the units digit of 954335?
5
What is the hundreds digit of 510439?
4
What is the tens digit of 12084855?
5
What is the units digit of 3258136?
6
What is the ten thousands digit of 660186?
6
What is the tens digit of 776853?
5
What is the thousands digit of 840478?
0
What is the hundreds digit of 2353244?
2
What is the units digit of 252883?
3
What is the thousands digit of 3931188?
1
What is the ten thousands digit of 1184080?
8
What is the thousands digit of 822646?
2
What is the tens digit of 158402?
0
What is the ten thousands digit of 1227667?
2
What is the tens digit of 6774614?
1
What is the hundreds digit of 543580?
5
What is the tens digit of 1010808?
0
What is the hundreds digit of 1420795?
7
What is the ten thousands digit of 9601101?
0
What is the hundred thousands digit of 14671756?
6
What is the ten thousands digit of 1915814?
1
What is the thousands digit of 2455375?
5
What is the thousands digit of 1432249?
2
What is the millions digit of 15749786?
5
What is the ten thousands digit of 107785?
0
What is the millions digit of 19194172?
9
What is the thousands digit of 3918198?
8
What is the hundred thousands digit of 6280947?
2
What is the hundreds digit of 657960?
9
What is the tens digit of 102737?
3
What is the hundreds digit of 380666?
6
What is the millions digit of 7178370?
7
What is the hundreds digit of 4107819?
8
What is the ten thousands digit of 2325010?
2
What is the ten thousands digit of 2584072?
8
What is the units digit of 250068?
8
What is the millions digit of 11766180?
1
What is the thousands digit of 2625345?
5
What is the millions digit of 1154667?
1
What is the thousands digit of 204639?
4
What is the hundred thousands digit of 957085?
9
What is the tens digit of 25855780?
8
What is the hundreds digit of 584978?
9
What is the hundred thousands digit of 148538?
1
What is the tens digit of 487110?
1
What is the thousands digit of 15863540?
3
What is the hundred thousands digit of 2251948?
2
What is the units digit of 32161640?
0
What is the hundreds digit of 8107425?
4
What is the thousands digit of 252794?
2
What is the units digit of 23313769?
9
What is the tens digit of 28891?
9
What is the hundreds digit of 194335?
3
What is the units digit of 4744200?
0
What is the millions digit of 1654571?
1
What is the units digit of 740880?
0
What is the units digit of 5202402?
2
What is the hundreds digit of 42911?
9
What is the units digit of 661165?
5
What is the hundreds digit of 21052062?
0
What is the hundred thousands digit of 2215287?
2
What is the units digit of 15145325?
5
What is the millions digit of 5964558?
5
What is the hundreds digit of 1985835?
8
What is the hundred thousands digit of 145642?
1
What is the units digit of 164283?
3
What is the units digit of 743332?
2
What is the hundreds digit of 437456?
4
What is the hundred thousands digit of 191054?
1
What is the hundreds digit of 18714035?
0
What is the millions digit of 2656161?
2
What is the thousands digit of 310008?
0
What is the tens digit of 1249609?
0
What is the ten thousands digit of 17591443?
9
What is the thousands digit of 5814245?
4
What is the hundred thousands digit of 121147?
1
What is the hundreds digit of 14896568?
5
What is the thousands digit of 4135954?
5
What is the ten thousands digit of 8171067?
7
What is the tens digit of 1347340?
4
What is the hundreds digit of 7531419?
4
What is the tens digit of 461726?
2
What is the hundreds digit of 3232380?
3
What is the tens digit of 475375?
7
What is the tens digit of 5414239?
3
What is the tens digit of 2119540?
4
What is the ten thousands digit of 8513862?
1
What is the hundreds digit of 18240237?
2
What is the millions digit of 11121245?
1
What is the ten thousands digit of 190308?
9
What is the thousands digit of 25621132?
1
What is the units digit of 927134?
4
What is the tens digit of 3683266?
6
What is the hundred thousands digit of 4832291?
8
What is the hundred thousands digit of 354143?
3
What is the hundreds digit of 419631?
6
What is the hundreds digit of 2909623?
6
What is the millions digit of 5694096?
5
What is the ten thousands digit of 20811834?
1
What is the hundreds digit of 897410?
4
What is the hundred thousands digit of 549973?
5
What is the units digit of 244065?
5
What is the units digit of 134212?
2
What is the thousands digit of 7989729?
9
What is the units digit of 259332?
2
What is the ten thousands digit of 315537?
1
What is the hundreds digit of 38860?
8
What is the thousands digit of 1099903?
9
What is the hundred thousands digit of 178721?
1
What is the ten thousands digit of 5875940?
7
What is the thousands digit of 922794?
2
What is the millions digit of 1649397?
1
What is the ten thousands digit of 5697334?
9
What is the thousands digit of 344948?
4
What is the thousands digit of 23613372?
3
What is the hundred thousands digit of 1285414?
2
What is the ten thousands digit of 645970?
4
What is the thousands digit of 33845412?
5
What is the units digit of 620823?
3
What is the hundreds digit of 1610517?
5
What is the thousands digit of 268913?
8
What is the ten thousands digit of 21388?
2
What is the millions digit of 4709478?
4
What is the millions digit of 7624244?
7
What is the hundreds digit of 1138282?
2
What is the ten thousands digit of 2359295?
5
What is the millions digit of 2832549?
2
What is the hundreds digit of 14210?
2
What is the millions digit of 15734248?
5
What is the units digit of 95389?
9
What is the units digit of 4294893?
3
What is the units digit of 3245626?
6
What is the units digit of 154639?
9
What is the tens digit of 303517?
1
What is the millions digit of 29918330?
9
What is the hundreds digit of 411788?
7
What is the thousands 